2 - -2.
4
What is the value of (11 - 16) + (0 - -8)?
3
What is the value of 12 - -1 - (17 - 9)?
5
What is the value of -8 - (13 + -11 - 5)?
-5
Evaluate -1 + -2 + 36 + -34.
-1
-1 + 1 + (9 - 6 - 6)
-3
What is the value of -4 - -7 - (2 - -5)?
-4
Evaluate -11 + 3 + -1 + 2 - 0.
-7
Calculate (-14 - -13) + (2 - 0).
1
What is the value of -4 - -1 - 1 - -9?
5
Calculate 4 - 2 - 3 - (0 - -3).
-4
Calculate 4 - (1 + 1 + 0).
2
0 + 0 - (24 - 21)
-3
What is 0 + (11 - (7 - (5 - 4)))?
5
-3 - -2 - (8 - (-3 - -10))
-2
What is -3 - -6 - (-8 + 13)?
-2
(14 + -8 - 5) + 0
1
Evaluate 1 - (-4 - 4 - -4).
5
-14 + 12 + -1 + 5
2
Calculate -1 + (4 + 0 - 1).
2
What is -5 + (-2 - 6 - -8)?
-5
10 + 6 + (-5 - 3) - 14
-6
Calculate (6 - -2) + -4 + -8 + 6.
2
Calculate (2 - (2 - 5)) + (-15 - -8).
-2
Evaluate (6 - 11 - -10) + -12.
-7
Evaluate 4 + 8 + (0 - 4) + -4.
4
Evaluate (0 - 9) + (7 - 0) + -3.
-5
-1 + (-8 - -7 - -1)
-1
Evaluate (3 - -2) + 0 + -5.
0
(3 - (-2 - -8 - 5)) + -6
-4
What is (10 - (-1 - -4)) + (-20 - -11)?
-2
What is the value of 2 - 1 - (8 - (-2 + 5))?
-4
Calculate (-11 - -11) + (-2 - -2).
0
Evaluate -6 + 1 + -2 - -7.
0
7 + 8 + (-13 - (-4 - 1))
7
What is (0 - 4) + (-4 - (14 + -20))?
-2
Evaluate 0 + -2 + (1 - -1).
0
Evaluate 1 - 1 - (0 - 7) - 4.
3
What is the value of 3 + -2 - ((1 - -3) + -1)?
-2
-8 + (-7 - -13) + -2
-4
Evaluate 90 + -90 - (-1 + 1).
0
Calculate 5 - (0 + 3) - -2.
4
What is 2 + 3 - 7 - (-3 + 0)?
1
What is the value of (-2 - (1 + -2)) + 2?
1
What is -7 + 21 + -6 + -8?
0
(-3 - -9) + (-8 - 0)
-2
Calculate -6 + -2 + (-2 - (-5 - 0)).
-5
(1 - (-1 + 8)) + (7 - -7)
8
Calculate -1 - 0 - (-29 - -30) - -6.
4
What is the value of 8 + -3 + (4 - -1 - 13)?
-3
What is the value of 3 + (-11 - (-17 - -10))?
-1
Evaluate 2 + 0 - (-5 + 5 + 2).
0
Calculate 0 - 0 - (14 - (12 - -10)).
8
3 + -9 + 4 - (-3 + 0)
1
2 + (-12 - -3 - -11)
4
What is the value of -7 - (1 - 8) - -5?
5
What is the value of (0 - 0 - -2) + -9?
-7
What is the value of (0 - -1) + -27 + 22?
-4
Evaluate -8 - -1 - (-1 - 3).
-3
What is the value of -26 + 30 - (1 + 7)?
-4
What is the value of -1 + 6 - (1 - -1)?
3
What is the value of -2 - (-9 - -5 - -5) - -4?
1
What is 4 + (-4 - -4 - 2)?
2
What is 0 + -2 + 11 + -35 + 24?
-2
What is the value of -3 + (4 - 2) - -3?
2
Evaluate (0 - 2) + 0 - (-5 + 1).
2
-4 + (1 - (-7 - -9))
-5
(-6 + 4 - 0) + 6 + -3
1
What is the value of (-10 + 6 - 4) + (4 - -1)?
-3
What is the value of -6 - (9 - (-10 + 17))?
-8
Calculate 5 + (1 - 0) - (-164 + 168).
2
What is the value of 3 + (-18 - -6) - -9?
0
Calculate -4 + (2 - 2) + -1 + 7.
2
What is the value of (-1 - 5) + -4 + 17?
7
Calculate (4 - ((-4 - -4) + 5)) + 0.
-1
-3 + (-7 - -14 - 0)
4
Calculate 6 + -1 + (-22 - -15).
-2
Calculate (-2 - (13 + -7)) + 8.
0
What is the value of 2 + 1 + -4 + -1 + 4?
2
Calculate 22 + -20 + (1 - 1).
2
What is the value of 11 - 8 - (1 + -3)?
5
What is the value of 6 + -5 + (-1 - 0) + -6?
-6
Calculate -4 + 7 + (-4 - -3) + -2.
0
What is the value of -3 + (16 - 4 - (5 + 2))?
2
(0 - -2) + 4 + (-16 - -2)
-8
(2 - 5) + (5 + -1 - 4)
-3
(2 - (2 - -1)) + (207 - 203)
3
Evaluate 9 + (-4 - (-4 - -5)).
4
Evaluate 1 - 6 - -3 - -4.
2
What is the value of 2 + -4 + (6 - 1 - 12)?
-9
What is the value of 7 + -9 + -1 + 9?
6
Evaluate -4 + -2 - 4 - -4.
-6
What is the value of 2 + (7 - (-3 + 16))?
-4
Calculate (2 - (2 + 4 + 1)) + 2.
-3
What is the value of -13 + 8 + -6 - 0?
-11
Calculate 6 - (-2 - -1 - -3).
4
What is -4 + 1 - ((-2 - 3) + 6)?
-4
What is 1 + 3 - (8 + -15 - -5)?
6
Calculate 0 - (1 + -1 + -1).
1
2 + (0 - (-6 - -3 - -2))
3
Evaluate 7 + (4 - (0 - -5)) + 2.
8
Calculate -2 + -4 + (-4 - -11 - 2).
-1
Calculate 5 - (-5 - -4 - -4).
2
Evaluate (4 - (3 - (-4 - -2))) + 4.
3
What is -1 + (-3 + -2 - -10)?
4
What is -2 + 1 + 2 + -4 + 0?
-3
What is the value of (-1 - -4 - -1) + -1 - 0?
3
What is 7 + 4 + -7 - 2?
2
Calculate 2 + -4 + 4 - 0.
2
1 + 0 + -5 + -3 + 5
-2
What is the value of (-18 - (-4 + -3)) + 12?
1
Calculate -3 + 2 + 0 + (-26 - -31).
4
3 - (2 + 0 + -1)
2
Calculate -6 - (0 - 4 - -1).
-3
((5 - -2) + -3 - 2) + 5
7
-6 + (-12 + (-2 - -8) - -12)
0
Calculate -5 - (-12 + -2) - 7.
2
What is (8 - (5 + -5 + 5)) + -7?
-4
Calculate 1 + -8 + 2 + 3 + -1.
-3
What is -3 - 0 - (16 + -22)?
3
Calculate (1 - -5) + (-14 + 18 - 15).
-5
Calculate 8 + (9 + -5 - 19).
-7
What is (14 - (8 + -9)) + -11?
4
-4 - (-2 + 0 - (-3 + 0))
-5
Evaluate 12 + 5 + -8 - 5.
4
What is (2 - -2) + (26 - 24)?
6
What is (-1 - 2) + 0 + (-6 - -11)?
2
Calculate -7 - (-11 + 4) - -2.
2
Evaluate -7 + 2 - ((5 - 5) + -6).
1
Evaluate 8 + 5 + -8 + 2.
7
Evaluate 2 - (0 + 7 + -10).
5
Evaluate 3 - ((2 - (1 + -8)) + -5).
-1
5 - (4 - (-9 - -3))
-5
What is the value of (7 - 11 - -10) + -3?
3
Calculate -5 + -6 + 9 - -1.
-1
What is the value of -8 + 6 + 6 - -3 - 1?
6
Evaluate -1 - (0 + 6 + -3 + 1).
-5
Calculate (-6 - 1) + (10 - 4).
-1
Evaluate 5 + -14 + 11 - (2 - -1).
-1
-4 - -2 - 0 - (0 - -1)
-3
What is the value of -7 - -1 - (-232 + 220)?
6
What is the value of 1 + 0 + (0 - 4)?
-3
Calculate 18 + -25 + 15 + -2.
6
0 + (-12 - (-8 - -1))
-5
What is -5 + (-10 - -4 - (-1 - 5))?
-5
0 + -4 + 4 + 0
0
What is 1 + (-5 - -2) + -3 + 6?
1
Evaluate -1 + (5 - 1) + -4 + 2.
1
0 + -2 + -1 + (7 - 8)
-4
Calculate 1 + 3 - (-23 - -31).
-4
Evaluate 4 + -10 + -5 - -17.
6
What is -1 + 1 - (-20 + 17)?
3
What is 0 - (-1 + 1) - (66 + -60)?
-6
1 + (-3 - -1) + 1 + -2
-2
What is 7 - 2 - (4 + 5)?
-4
What is the value of -13 - ((6 - (18 - 7)) + -1)?
-7
Evaluate -5 - -1 - -1 - -6.
3
What is the value of 5 + -5 + (8 - (4 - -1))?
3
What is (-5 - -10) + -2 + 5?
8
What is the value of -6 - ((3 - (6 - 2)) + 0)?
-5
-13 + 6 + 9 + -6
-4
What is (1 + -1 - -11) + -5?
6
Evaluate 1 + -4 - (0 + -4 + -1).
2
What is -5 + 6 + 7 + 0 - -1?
9
Evaluate 2 - (0 + (4 - 4)).
2
What is 3 + -5 + (-4 - (0 - 0))?
-6
Calculate (1 + -4 - (19 + -25)) + -1.
2
What is -2 + -3 + 2 + (36 - 32)?
1
What is the value of -11 - (-3 + 2) - (-58 - -53)?
-5
What is the value of 8 + (8 - 8) - 17?
-9
What is the value of 1 + -4 + 9 - 5?
1
1 + 2 + (-1 - (2 + -4))
4
Evaluate 42 - 38 - (2 + 0 + -3).
5
What is -5 - -12 - -4 - 6?
5
What is 0 + (1 + 0 - -2)?
3
Calculate -4 + (-3 - (-5 + 7 - 6)).
-3
Evaluate -1 + 1 + (-1 - -3).
2
Evaluate 1 + (1 - -2) - (131 + -127).
0
Calculate 0 + -7 - (48 + -50).
-5
12 - (8 + 3 + -3)
4
Calculate (7 - 2 - 13) + 0 + 4.
-4
2 + (1 - 4 - (-8 - -5))
2
What is the value of -2 + 1 + 1 + 1 + 0?
1
-7 + 1 - -2 - (-11 - -3)
4
Evaluate 70 + -70 - (6 + (-1 - 1)).
-4
Calculate -4 + (-1 - 3) + 9.
1
Calculate 9 - (-6 + 10) - (2 + 5).
-2
What is the value of (0 - 5) + (11 - 13 - -14)?
7
What is 9 - (10 - (4 + 3))?
6
What is the value of -17 + 11 + (9 - -1)?
4
Calculate -1 - -3 - (-15 + 19 - 5).
3
What is 4 + 1 + -7 - (3 - 0)?
-5
What is the value of (2 - 1) + -203 + 195?
-7
-2 + 7 + -18 + 11
-2
Calculate -4 - 0 - (4 + -3 + -8).
3
What is the value of 9 + -9 + 5 + -8 + -1?
-4
What is 1 + -3 + 0 - 0?
-2
-4 - (-18 + 10 - (1 + -3))
2
0 - -5 - (12 - 11)
4
What is 6 + -4 - (0 + 0 + 0)?
2
Evaluate 5 - (8 - (5 - 1)).
1
What is the value of -7 + 5 + -1 + 0?
-3
-2 - -2 - 6 - -2
-4
Evaluate 24 + -27 + (6 - 0).
3
Evaluate -65 + 65 - (5 + 1).
-6
4 + -2 + -1 + -5
-4
Calculate 3 + 2 + -2 + -7.
-4
5 - (8 - (12 + -12))
-3
What is the value of (2 + 2 - 2) + (-1 - 1)?
0
Calculate ((7 - 5) + 2 - 4) + 9.
9
-4 + 15 + (3 - 4 - 3)
7
What is -8 - (-3 + -7 + (6 - 9))?
5
What is -1 + -7 - (-8 - -5)?
-5
Calculate 7 - (1 + 4) - (1 + 1).
0
Evaluate 1 + 1 + -159 + 161.
4
Calculate -4 - (-9 + 3 + 5).
-3
What is the value of -2 - (2 - (-4 - -6))?
-2
Evaluate 0 + 3 + 4 + -3 + -1.
3
What is the value of (-3 - (0 - 7)) + -4?
0
What is the value of (24 - 22) + 3 + -2 + -1?
2
3 + (4 + -10 - -1)
-2
Calculate (-21 - -21) + -2 + 1.
-1
What is the value of 12 + 0 + -11 + 0?
1
What is the value of (-131 - -124) + 0 + 3 + 1?
-3
Calculate (-22 - -19) + (1 - -4).
2
(-3 + 0 - (-2 + -4)) + -3
0
What is the value of (3 - (-5 - -3)) + (-3 - 5)?
-3
Calculate -1 - -2 - (-85 - -83).
3
0 - (4 + 2 + -2)
-4
Evaluate 8 + -3 - (-17 - -15).
7
Evaluate (1 - 0) + -4 + -2 + 0.
-5
Evaluate -5 + -2 - (59 + -64).
-2
What is -1 + -2 + 10 + -4?
3
What is the value of 34 - 45 - (-2 + -5)?
-4
Evaluate (3 - (9 + -7)) + -4.
-3
What is -4 + (-7 - -8) + 2 + 4?
3
Calculate -7 - (-20 + 4) - 16 - -11.
4
5 - (5 + 20 + -10)
-10
Calcu